*m + 4775. Suppose -3*i + l = 5*r + 2*i, -1437 = -3*r + 4*i. Is r a prime number?
True
Let b(i) = -i**3 + 7*i**2 - 16*i + 60. Let g be b(6). Suppose 12*y - 135374 - 26782 = g. Is y a prime number?
True
Let v(s) = -21*s**3 + 7*s**2 - 185*s - 1214. Is v(-7) prime?
False
Let n(p) = 222508*p - 7341. Is n(7) a composite number?
True
Let k(b) = 14*b**3 - 22*b**2 - 13*b - 27. Is k(12) composite?
True
Let d(n) = 1255*n - 8828. Is d(23) composite?
True
Let w(k) = -56*k - 18. Let n be w(-10). Suppose 0 = 42*a - 46*a - 228. Let p = a + n. Is p a prime number?
False
Suppose 0 = -29*z + 5132 + 36483. Let g = 2348 - z. Is g composite?
True
Let k = 62 - 49. Suppose k*q = 18*q - 20. Is 1500/16 - (-1)/q a prime number?
False
Let o(j) = -849*j**2 + 879*j**2 - j**3 - 40 - 10 - 13*j + 1. Is o(20) a prime number?
True
Let j(n) = -13*n**3 + 6*n**2 + 6*n - 5. Let w be j(-8). Let l = w - 3824. Is l composite?
False
Let d = -14 - -96. Let b = d - 61. Is 1/(-3) - ((-14539)/b - -1) a prime number?
True
Let j(u) = -9*u + 12. Let k be j(-7). Suppose 2550 = -80*z + k*z. Let y = -217 - z. Is y a prime number?
True
Let q = 442311 - -85655. Is q a composite number?
True
Let c be (3/(-2) + 0)*(-2 + 0). Suppose 1256 + 1124 = 2*q + c*a, -3575 = -3*q - 2*a. Is q a prime number?
True
Let z = 1003 + -330. Suppose 787 - 2663 = -14*o. Suppose -o*i + 133*i = -z. Is i prime?
True
Suppose -13798 + 85047 = 3*u - 160072. Is u a prime number?
False
Let w(q) = 12*q**3 + 47*q**2 - 1282*q + 72. Is w(25) a composite number?
True
Suppose 1019*i - 1023*i + 16 = 0. Suppose -20*g + 16*g = -3*o + 127663, i*g + 85106 = 2*o. Is o composite?
False
Suppose 4*h + 3*n + 1331 = 0, 0*n = -5*n - 25. Let j = -503 + 307. Let d = j - h. Is d a composite number?
True
Is (312254904/(-468))/(2/(-3)) a composite number?
True
Suppose -44653 = 7*h - 259182. Let v = h + -12694. Is v a prime number?
False
Let j = 88 + 402. Let x = -422 - -263. Let a = j - x. Is a prime?
False
Suppose -f + 30 = 4*f. Suppose f = -3*m, 10 = t - 2*m - 3*m. Suppose 5*j = 3*y + 49 - 143, 3*y + 3*j - 54 = t. Is y a composite number?
False
Suppose -101 + 125 = -4*o - 2*t, -23 = 3*o + 4*t. Let u(m) = -9*m - 4*m**3 + 1 - 8*m**2 + 8 - m**3. Is u(o) a composite number?
False
Suppose -5*d + 2*n - 2 - 20 = 0, -3*n = -3*d - 15. Let i(j) = 331*j + 13. Let u be i(d). Let z = u + 2218. Is z prime?
True
Suppose -5*l = -m - 193847, 22*l + 155074 = 26*l + m. Is l a prime number?
False
Suppose 0 = -43*d - 6 + 135. Suppose 2*o + 4*x + 0*x = 14846, -2*x + 22277 = d*o. Is o composite?
True
Let l(n) = -2*n**2 + 35*n + 24. Let u be l(18). Suppose 3*i + h = 12192, -u*i + 4*h - 12201 = -9*i. Is i prime?
False
Let j be 7 + (-10)/5 + -2. Suppose j*a = 9686 - 1949. Is a a composite number?
False
Let q be (9/(-2))/((91/(-4746))/13). Let a = q + -1652. Is a a prime number?
True
Suppose 9*u + u + 1006477 = 41*u. Is u composite?
False
Let w(s) = -s**3 - 12*s**2 - 21*s - 7. Let o be w(-10). Suppose 3432 = 3*c - 3*q, c + 6*q = o*q + 1124. Is c a prime number?
False
Suppose -1032863 = 15*r - 9618218. Is r prime?
True
Let l be ((-4)/6)/((-2)/(-4 - -124)). Let r be (-21070)/l + 1 + 10/(-8). Let u = r - -934. Is u composite?
True
Let l = 4227 - -5810. Is l a composite number?
False
Is 23934/(-4)*(9 - (-116)/(-12)) prime?
True
Let n(i) = 169*i**2 - 5*i - 8. Let t be n(-8). Let r be (-126)/(-36) + (-4)/(3 + -11). Suppose r*h - t = -2772. Is h prime?
False
Let y(i) = 4*i**2 - 51*i - 10. Suppose 106*w = 99*w + 189. Is y(w) prime?
False
Let k = -149515 - -273176. Is k a composite number?
False
Suppose -d - 12*z = -8*z - 902326, 0 = -2*d - 5*z + 1804637. Suppose 12*r + d = 70*r. Is r composite?
True
Is (-16 - (-23 + -1))*1531046/16 prime?
False
Let k be 75/21 - ((-175)/(-49) - 3). Suppose -k*y = -4646 - 4387. Is y a prime number?
True
Let s(p) = 1900*p + 749. Is s(3) a composite number?
False
Let a = 570185 + -374746. Is a prime?
False
Is (7 + 76805/15)/((48/(-9))/(-8)) prime?
True
Suppose -13*c = -4*i + i - 1962126, -3*c + 452795 = -4*i. Is c a prime number?
False
Suppose -165 = -5*l - 5*d, -5*l + d + 136 - 1 = 0. Suppose 4*s - l*s + 125448 = 0. Is s prime?
True
Let c(w) = 3*w**2 - 4*w. Let d be c(2). Suppose -2*h + 6 - d = -4*l, 0 = l + 2*h - 12. Suppose -3*v - 2*v + 3570 = -5*g, l*v - 1458 = -4*g. Is v a prime number?
True
Let i be 14/(-63)*3 - (-4)/6. Suppose -3*y - 355 - 8 = i. Let k = 130 - y. Is k prime?
True
Suppose 2*w = 3*w + 4*t - 49, 5*t = w - 13. Suppose 5970 = 43*f - w*f. Is f composite?
True
Suppose 29216 + 9502 = 2*f. Let l = f + -9611. Suppose -14*j + 18*j = l. Is j composite?
False
Let g(c) = 6*c**2 - 16*c + 88. Let d be g(21). Suppose -13*f + 14*f - 1173 = 5*j, -3*j + d = 2*f. Is f a composite number?
False
Suppose h - 11693 = -l, -4*l + l - 12 = 0. Let y = -870 + 878. Suppose y*z - h = 5*z. Is z a prime number?
False
Let f = 361236 - 168089. Is f composite?
False
Let q(h) = 3501*h**2 + 3*h - 1. Let l = -443 + 444. Is q(l) a composite number?
True
Let w be 18/(-4)*16/(-36). Suppose -w*x + 242 = -320. Suppose -4*o + x = -371. Is o a prime number?
True
Let w(n) = -192*n + 7. Suppose 283 - 23 = 5*c. Let t = 50 - c. Is w(t) a composite number?
True
Is 79/(-4)*(-734 - 174) prime?
False
Suppose 5*l = x - 163805 - 336053, -x - 5*l = -499848. Is x a prime number?
True
Suppose 13*f - 6*f = 42. Let c be (-10300)/(-8) + 2/4. Is (-1)/(-3) - (4 - c/f) prime?
True
Is ((-2851690)/(-1085))/((-4)/(-14)) composite?
False
Is (((-231)/(-99))/7)/((-966176)/(-966174) + -1) composite?
True
Is (5195/3 - 1)*36900/1640 - 3 composite?
True
Let x = -92 - -94. Suppose 3*w - 2017 = 4*n, 4*w - x*n - 2672 = -n. Is w a prime number?
False
Suppose 50 = 7*g + 36. Suppose 5*y - g*p - 1731 = 7044, 3*p = 4*y - 7013. Is y composite?
True
Let z = -148152 + 641519. Is z a prime number?
False
Let w(f) = f**2 - 30*f + 121. Let y be w(25). Let d = 11 + 0. Is y/(-22) + 19127/d prime?
False
Let s(k) be the first derivative of 8564*k**3/3 + k**2 - 3*k + 117. Is s(1) prime?
True
Suppose 2 - 10 = -2*h. Suppose 2*k + 13 = 3*k - r, -2*k = -4*r - 36. Is 9450/k + h*5/(-80) prime?
True
Let m(q) = -q - 2. Let v(y) = 1551*y + 7. Let p(i) = 3*m(i) - v(i). Is p(-6) prime?
True
Let x be 5/55*0 + 9*723. Suppose 5*m + 5*s = 20910, 4*s + x + 10261 = 4*m. Is m a composite number?
True
Suppose 12*q - 4690 = -4*c + 15*q, -4*q - 5863 = -5*c. Is c a prime number?
True
Let x(y) = 2*y**3 + 7*y**2 - 2*y + 2. Let m be x(-4). Let w(b) = 27*b**2 + 38*b + 1. Is w(m) prime?
False
Suppose -27*m = 4*q - 22*m + 5, -2*m - 2 = -5*q. Suppose v - t - 85 + 5 = q, -v + 84 = -5*t. Is v a composite number?
False
Let c = 220580 + -85473. Is c prime?
False
Let y = 4 + 6. Let i be 925/10*36/y. Suppose -2*t - 4*u + i = -329, 4*t = -4*u + 1324. Is t prime?
True
Let m(o) = o**3 + 80*o**2 + 78*o + 1253. Is m(-66) a composite number?
False
Let v(c) = 7*c - c**3 - c**3 + 36*c**2 - 37*c**2 + 0*c**3 + 3207. Is v(0) a composite number?
True
Suppose 3*a = -17*a + 80. Let c(q) = 438*q**2 - 51*q - 1. Is c(a) prime?
True
Let y = 81 - 49. Suppose 38 = -5*h - y. Let s(j) = j**2 + 5*j + 17. Is s(h) a composite number?
True
Suppose -m + 94 = -w + 12, -3*w = 3*m + 216. Let f be -5 + -1 + (-9 - -9) + 4. Is 594 + w/(-28) + f/(-8) composite?
True
Let y(f) = 11195*f - 645. Is y(8) prime?
False
Suppose 10*q - 8*q = 296. Let l = 148 - q. Suppose 3*h + t - 1104 = l, 1844 = 5*h + 4*t - t. Is h a prime number?
True
Let t(m) = 9*m - 1. Let w be t(0). Is 56/35*(-5655)/(-6) - w a prime number?
False
Suppose -1176538 = -2*c - 75*p + 71*p, -3*c - 3*p = -1764810. Is c composite?
True
Let r(x) = -8*x - 39. Let s be r(6). Let o = -38 - s. Is (-8957)/(-7) + (-28)/o composite?
False
Let m(i) = -12*i**3 + 4*i**2 - 5*i + 1. Let d be m(1). Is (d + 10)*17/2*-5 a composite number?
True
Suppose -1055658 = 176*a - 178*a - 167780. Is a composite?
False
Suppose 3*q = -2*f + 20, 3*f = -5*q + 8*q. Is 7093 + (f - 3) + -3 a prime number?
False
Suppose 2*s - 3*l - 17 = 0, -2*s + 12 = -2*l - 0*l. Let z be -9613 + 5 + (-4)/(-2)*s. Is (8/(-7))/(-2) - z/21 prime?
False
Let i(p) = 54*p**2 - 1255*p - 72. Is i(49) composite?
False
Suppose 39*u + 25*u = 1487936. Is u composite?
True
Let t(v) = -2*v**3 - 45*v**2 - 409*v - 185. Is t(-52) prime?
False
Suppose -6*a - 2*a = -32. Let d(g) = 191*g**2 + 3*g - 7